{"id":174,"date":"2021-01-30T19:35:06","date_gmt":"2021-01-30T19:35:06","guid":{"rendered":"http:\/\/parafianuna.pl\/?page_id=174"},"modified":"2021-02-13T20:31:48","modified_gmt":"2021-02-13T20:31:48","slug":"parafialna-rada-gospodarcza","status":"publish","type":"page","link":"http:\/\/parafianuna.pl\/?page_id=174","title":{"rendered":"Parafialna Rada Gospodarcza"},"content":{"rendered":"<h2>PARAFIALNA RADA GOSPODARCZA<\/h2>\n<ol>\n<li>\n<h4>Czes\u0142aw \u017bo\u0142nierzak<\/h4>\n<\/li>\n<li>\n<h4>Bo\u017cena Nowosielska<\/h4>\n<\/li>\n<li>\n<h4>Rafa\u0142 Strzeszewski<\/h4>\n<\/li>\n<li>\n<h4>Alicja Niezgoda<\/h4>\n<\/li>\n<li>\n<h4>Katarzyna Osi\u0144ska<\/h4>\n<\/li>\n<li>\n<h4>Andrzej Kr\u00f3lak<\/h4>\n<\/li>\n<li>\n<h4>Wies\u0142awa Lele\u0144<\/h4>\n<\/li>\n<li>\n<h4>Dariusz Za\u0142oga<\/h4>\n<\/li>\n<li>\n<h4>Zbigniew W\u00f3lta\u0144ski<\/h4>\n<\/li>\n<li>\n<h4>Tomasz Pietras<\/h4>\n<\/li>\n<li>\n<h4>Zbigniew Pi\u0105tkowski<\/h4>\n<\/li>\n<li>\n<h4>Wojciech Kowalski<\/h4>\n<\/li>\n<li>\n<h4>Grzegorz Dzba\u0144ski<\/h4>\n<\/li>\n<\/ol>\n","protected":false},"excerpt":{"rendered":"<p>PARAFIALNA RADA GOSPODARCZA Czes\u0142aw \u017bo\u0142nierzak Bo\u017cena Nowosielska Rafa\u0142 Strzeszewski Alicja Niezgoda Katarzyna Osi\u0144ska Andrzej Kr\u00f3lak Wies\u0142awa Lele\u0144 Dariusz Za\u0142oga Zbigniew W\u00f3lta\u0144ski Tomasz Pietras Zbigniew Pi\u0105tkowski Wojciech Kowalski Grzegorz Dzba\u0144ski<\/p>\n","protected":false},"author":1,"featured_media":0,"parent":0,"menu_order":0,"comment_status":"closed","ping_status":"closed","template":"","meta":{"footnotes":""},"_links":{"self":[{"href":"http:\/\/parafianuna.pl\/index.php?rest_route=\/wp\/v2\/pages\/174"}],"collection":[{"href":"http:\/\/parafianuna.pl\/index.php?rest_route=\/wp\/v2\/pages"}],"about":[{"href":"http:\/\/parafianuna.pl\/index.php?rest_route=\/wp\/v2\/types\/page"}],"author":[{"embeddable":true,"href":"http:\/\/parafianuna.pl\/index.php?rest_route=\/wp\/v2\/users\/1"}],"replies":[{"embeddable":true,"href":"http:\/\/parafianuna.pl\/index.php?rest_route=%2Fwp%2Fv2%2Fcomments&post=174"}],"version-history":[{"count":2,"href":"http:\/\/parafianuna.pl\/index.php?rest_route=\/wp\/v2\/pages\/174\/revisions"}],"predecessor-version":[{"id":339,"href":"http:\/\/parafianuna.pl\/index.php?rest_route=\/wp\/v2\/pages\/174\/revisions\/339"}],"wp:attachment":[{"href":"http:\/\/parafianuna.pl\/index.php?rest_route=%2Fwp%2Fv2%2Fmedia&parent=174"}],"curies":[{"name":"wp","href":"https:\/\/api.w.org\/{rel}","templated":true}]}}