{"id":2087,"date":"2023-03-26T18:32:56","date_gmt":"2023-03-26T18:32:56","guid":{"rendered":"http:\/\/parafianuna.pl\/?page_id=2087"},"modified":"2023-03-26T18:34:53","modified_gmt":"2023-03-26T18:34:53","slug":"rodo","status":"publish","type":"page","link":"http:\/\/parafianuna.pl\/?page_id=2087","title":{"rendered":"RODO"},"content":{"rendered":"<p>Administrator danych osobowych informuje, \u017ce wszystkie dane osobowe na stronie internetowej Parafii pw. B\u0142. Ks. Jerzego Popie\u0142uszki w Nunie, umieszczone zosta\u0142y za zgod\u0105 os\u00f3b, kt\u00f3rych dane dotycz\u0105 lub umieszczone s\u0105 na podstawie prawa.<\/p>\n<p><strong>KLAUZULA INFORMACYJNA<\/strong><\/p>\n<p>Zgodnie z art. 8 ust. 1 Dekretu og\u00f3lnego w sprawie ochrony os\u00f3b fizycznych w zwi\u0105zku z przetwarzaniem danych osobowych w Ko\u015bciele katolickim wydanym przez Konferencj\u0119 Episkopatu Polski w dniu 13 marca 2018 r. (dalej: Dekret) informuj\u0119, \u017ce:<\/p>\n<ol>\n<li>Administratorem Pani\/Pana danych osobowych jest par. b\u0142. Ks. Jerzego Popie\u0142uszki w Nunie, reprezentowana przez ks. proboszcza Waldemara Marciniaka<\/li>\n<li>Z inspektorem ochrony danych w Diecezji P\u0142ockiej mo\u017cna si\u0119 kontaktowa\u0107 przez, e-mail:\u00a0<a href=\"mailto:inspektor@diecezjaplocka.pl\">inspektor@diecezjaplocka.pl<\/a>;<\/li>\n<li>Pani\/Pana dane osobowe przetwarzane b\u0119d\u0105 w celu zapewnienia bezpiecze\u0144stwa us\u0142ug, celu informacyjnym oraz pomiar\u00f3w statystycznych;<\/li>\n<li>Przetwarzanie danych jest niezb\u0119dne do cel\u00f3w wynikaj\u0105cych z prawnie uzasadnionych interes\u00f3w realizowanych przez administratora lub przez stron\u0119 trzeci\u0105, z wyj\u0105tkiem sytuacji, w kt\u00f3rych nadrz\u0119dny charakter wobec tych interes\u00f3w maj\u0105 interesy lub podstawowe prawa i wolno\u015bci osoby, kt\u00f3rej dane dotycz\u0105, wymagaj\u0105ce ochrony danych osobowych, w szczeg\u00f3lno\u015bci, gdy osoba, kt\u00f3rej dane dotycz\u0105, jest dzieckiem;<\/li>\n<li>Odbiorc\u0105 Pani\/Pana danych osobowych jest Parafia b\u0142. Ks. Jerzego Popie\u0142uszki w Nunie oraz Redaktor Strony.<\/li>\n<li>Pani\/Pana dane osobowe nie b\u0119d\u0105 przekazywane do publicznej ko\u015bcielnej osoby prawnej maj\u0105cej siedzib\u0119 poza terytorium Rzeczypospolitej Polskiej;<\/li>\n<li>Pani\/Pana dane osobowe z uwagi na nasz uzasadniony interes b\u0119dziemy przetwarza\u0107 do czasu ewentualnego zg\u0142oszenia przez Pana\/Pani\u0105 skutecznego sprzeciwu;<\/li>\n<li>Posiada Pani\/Pan prawo dost\u0119pu do tre\u015bci swoich danych oraz prawo ich sprostowania, usuni\u0119cia lub ograniczenia przetwarzania zgodnie z Dekretem;<\/li>\n<li>Ma Pani\/Pan prawo wniesienia skargi do Ko\u015bcielnego Inspektora Ochrony Danych (adres: Skwer kard. Stefana Wyszy\u0144skiego 6, 01-015 Warszawa, e-mail:\u00a0<a href=\"mailto:kiod@episkopat.pl\">kiod@episkopat.pl<\/a>), gdy uzna Pani\/Pan, i\u017c przetwarzanie danych osobowych Pani\/Pana dotycz\u0105cych narusza przepisy Dekretu;<\/li>\n<li>Przetwarzanie odbywa si\u0119 w spos\u00f3b zautomatyzowany, ale dane nie b\u0119d\u0105 profilowane.<\/li>\n<\/ol>\n","protected":false},"excerpt":{"rendered":"<p>Administrator danych osobowych informuje, \u017ce wszystkie dane osobowe na stronie internetowej Parafii pw. B\u0142. Ks. Jerzego Popie\u0142uszki w Nunie, umieszczone zosta\u0142y za zgod\u0105 os\u00f3b, kt\u00f3rych dane dotycz\u0105 lub umieszczone s\u0105 na podstawie prawa. KLAUZULA INFORMACYJNA Zgodnie z art. 8 ust. 1 Dekretu og\u00f3lnego w sprawie ochrony os\u00f3b fizycznych w zwi\u0105zku z przetwarzaniem danych osobowych w&hellip; <br \/> <a class=\"read-more\" href=\"http:\/\/parafianuna.pl\/?page_id=2087\">Przeczytaj wi\u0119cej<\/a><\/p>\n","protected":false},"author":2,"featured_media":0,"parent":0,"menu_order":0,"comment_status":"closed","ping_status":"closed","template":"","meta":{"footnotes":""},"_links":{"self":[{"href":"http:\/\/parafianuna.pl\/index.php?rest_route=\/wp\/v2\/pages\/2087"}],"collection":[{"href":"http:\/\/parafianuna.pl\/index.php?rest_route=\/wp\/v2\/pages"}],"about":[{"href":"http:\/\/parafianuna.pl\/index.php?rest_route=\/wp\/v2\/types\/page"}],"author":[{"embeddable":true,"href":"http:\/\/parafianuna.pl\/index.php?rest_route=\/wp\/v2\/users\/2"}],"replies":[{"embeddable":true,"href":"http:\/\/parafianuna.pl\/index.php?rest_route=%2Fwp%2Fv2%2Fcomments&post=2087"}],"version-history":[{"count":2,"href":"http:\/\/parafianuna.pl\/index.php?rest_route=\/wp\/v2\/pages\/2087\/revisions"}],"predecessor-version":[{"id":2093,"href":"http:\/\/parafianuna.pl\/index.php?rest_route=\/wp\/v2\/pages\/2087\/revisions\/2093"}],"wp:attachment":[{"href":"http:\/\/parafianuna.pl\/index.php?rest_route=%2Fwp%2Fv2%2Fmedia&parent=2087"}],"curies":[{"name":"wp","href":"https:\/\/api.w.org\/{rel}","templated":true}]}}